{"id":2,"date":"2023-12-30T22:27:42","date_gmt":"2023-12-30T22:27:42","guid":{"rendered":"http:\/\/www.handedurmus.com.tr\/?page_id=2"},"modified":"2024-12-31T08:07:35","modified_gmt":"2024-12-31T08:07:35","slug":"sample-page","status":"publish","type":"page","link":"https:\/\/www.psikologhandedurmus.com\/","title":{"rendered":"Hakk\u0131mda"},"content":{"rendered":"\n<p>Merhaba, ben Psikolog Hande Durmu\u015f. \u0130stanbul K\u00fclt\u00fcr \u00dcniversitesi Psikoloji B\u00f6l\u00fcm\u00fc\u2019n\u00fc \u00d6SYM bursu ile tamamlad\u0131ktan sonra mesleki yolculu\u011fuma ba\u015flad\u0131m. Lisans e\u011fitimim s\u0131ras\u0131nda \u00c7apa T\u0131p Fak\u00fcltesi, Rize Devlet Hastanesi ve Bak\u0131rk\u00f6y Ruh ve Sinir Hastal\u0131klar\u0131 Hastanesi\u2019nde de\u011ferli staj deneyimleri edindim.<\/p>\n\n\n\n<p>Lisans e\u011fitimimin ard\u0131ndan \u0130stanbul Medeniyet \u00dcniversitesi\u2019nden pedagojik formasyon sertifikas\u0131 ald\u0131m ve \u0130stanbul Geli\u015fim \u00dcniversitesi\u2019nde Klinik Psikoloji y\u00fcksek lisans program\u0131n\u0131 ba\u015far\u0131yla tamamlad\u0131m. Bu s\u00fcre\u00e7te, \u00f6zel gereksinimli bireyler ve aileleriyle \u00e7al\u0131\u015ft\u0131\u011f\u0131m rehabilitasyon merkezlerinde ve aile mahkemelerinde dan\u0131\u015fmanl\u0131k yaparak uzmanl\u0131k alan\u0131m\u0131 geli\u015ftirdim.<\/p>\n\n\n\n<p>Seanslar\u0131mda, Prof. Dr. Ebru \u015ealc\u0131o\u011flu\u2019ndan ald\u0131\u011f\u0131m ileri d\u00fczey Bili\u015fsel Davran\u0131\u015f\u00e7\u0131 Terapi e\u011fitimi ve Do\u00e7. Dr. Bahar K\u00f6se\u2019den ald\u0131\u011f\u0131m \u015eema Terapi e\u011fitimiyle dan\u0131\u015fanlar\u0131ma en uygun y\u00f6ntemleri uyguluyorum. Yeti\u015fkin dan\u0131\u015fanlar\u0131mla bireysel terapi odakl\u0131 \u00e7al\u0131\u015farak, hayatlar\u0131nda anlaml\u0131 ve kal\u0131c\u0131 de\u011fi\u015fimlere e\u015flik etmeyi ama\u00e7l\u0131yorum.<\/p>\n\n\n\n<p>Sizlerle tan\u0131\u015fmak ve birlikte \u00e7\u00f6z\u00fcm yollar\u0131 olu\u015fturmak i\u00e7in buraday\u0131m.<\/p>\n\n\n\n<p><\/p>\n","protected":false},"excerpt":{"rendered":"<p>Merhaba, ben Psikolog Hande Durmu\u015f. \u0130stanbul K\u00fclt\u00fcr \u00dcniversitesi Psikoloji B\u00f6l\u00fcm\u00fc\u2019n\u00fc \u00d6SYM bursu ile tamamlad\u0131ktan sonra mesleki yolculu\u011fuma ba\u015flad\u0131m. Lisans e\u011fitimim s\u0131ras\u0131nda \u00c7apa T\u0131p Fak\u00fcltesi, Rize Devlet Hastanesi ve Bak\u0131rk\u00f6y Ruh ve Sinir Hastal\u0131klar\u0131 Hastanesi\u2019nde de\u011ferli staj deneyimleri edindim. Lisans e\u011fitimimin ard\u0131ndan \u0130stanbul Medeniyet \u00dcniversitesi\u2019nden pedagojik formasyon sertifikas\u0131 ald\u0131m ve \u0130stanbul Geli\u015fim \u00dcniversitesi\u2019nde Klinik Psikoloji y\u00fcksek [&hellip;]<\/p>\n","protected":false},"author":1,"featured_media":0,"parent":0,"menu_order":0,"comment_status":"closed","ping_status":"open","template":"","meta":{"_regular_price":[],"currency_symbol":[],"_uag_custom_page_level_css":"","site-sidebar-layout":"default","site-content-layout":"","ast-site-content-layout":"","site-content-style":"default","site-sidebar-style":"default","ast-global-header-display":"","ast-banner-title-visibility":"","ast-main-header-display":"","ast-hfb-above-header-display":"","ast-hfb-below-header-display":"","ast-hfb-mobile-header-display":"","site-post-title":"","ast-breadcrumbs-content":"","ast-featured-img":"","footer-sml-layout":"","theme-transparent-header-meta":"","adv-header-id-meta":"","stick-header-meta":"","header-above-stick-meta":"","header-main-stick-meta":"","header-below-stick-meta":"","astra-migrate-meta-layouts":"default","ast-page-background-enabled":"default","ast-page-background-meta":{"desktop":{"background-color":"var(--ast-global-color-4)","background-image":"","background-repeat":"repeat","background-position":"center center","background-size":"auto","background-attachment":"scroll","background-type":"","background-media":"","overlay-type":"","overlay-color":"","overlay-opacity":"","overlay-gradient":""},"tablet":{"background-color":"","background-image":"","background-repeat":"repeat","background-position":"center center","background-size":"auto","background-attachment":"scroll","background-type":"","background-media":"","overlay-type":"","overlay-color":"","overlay-opacity":"","overlay-gradient":""},"mobile":{"background-color":"","background-image":"","background-repeat":"repeat","background-position":"center center","background-size":"auto","background-attachment":"scroll","background-type":"","background-media":"","overlay-type":"","overlay-color":"","overlay-opacity":"","overlay-gradient":""}},"ast-content-background-meta":{"desktop":{"background-color":"var(--ast-global-color-5)","background-image":"","background-repeat":"repeat","background-position":"center center","background-size":"auto","background-attachment":"scroll","background-type":"","background-media":"","overlay-type":"","overlay-color":"","overlay-opacity":"","overlay-gradient":""},"tablet":{"background-color":"var(--ast-global-color-5)","background-image":"","background-repeat":"repeat","background-position":"center center","background-size":"auto","background-attachment":"scroll","background-type":"","background-media":"","overlay-type":"","overlay-color":"","overlay-opacity":"","overlay-gradient":""},"mobile":{"background-color":"var(--ast-global-color-5)","background-image":"","background-repeat":"repeat","background-position":"center center","background-size":"auto","background-attachment":"scroll","background-type":"","background-media":"","overlay-type":"","overlay-color":"","overlay-opacity":"","overlay-gradient":""}},"footnotes":""},"class_list":["post-2","page","type-page","status-publish","hentry"],"post_slider_layout_featured_media_urls":{"thumbnail":"","post_slider_layout_landscape_large":"","post_slider_layout_portrait_large":"","post_slider_layout_square_large":"","post_slider_layout_landscape":"","post_slider_layout_portrait":"","post_slider_layout_square":"","full":""},"uagb_featured_image_src":{"full":false,"thumbnail":false,"medium":false,"medium_large":false,"large":false,"1536x1536":false,"2048x2048":false,"post_slider_layout_landscape_large":false,"post_slider_layout_portrait_large":false,"post_slider_layout_square_large":false,"post_slider_layout_landscape":false,"post_slider_layout_portrait":false,"post_slider_layout_square":false},"uagb_author_info":{"display_name":"admin","author_link":"https:\/\/www.psikologhandedurmus.com\/?author=1"},"uagb_comment_info":0,"uagb_excerpt":"Merhaba, ben Psikolog Hande Durmu\u015f. \u0130stanbul K\u00fclt\u00fcr \u00dcniversitesi Psikoloji B\u00f6l\u00fcm\u00fc\u2019n\u00fc \u00d6SYM bursu ile tamamlad\u0131ktan sonra mesleki yolculu\u011fuma ba\u015flad\u0131m. Lisans e\u011fitimim s\u0131ras\u0131nda \u00c7apa T\u0131p Fak\u00fcltesi, Rize Devlet Hastanesi ve Bak\u0131rk\u00f6y Ruh ve Sinir Hastal\u0131klar\u0131 Hastanesi\u2019nde de\u011ferli staj deneyimleri edindim. Lisans e\u011fitimimin ard\u0131ndan \u0130stanbul Medeniyet \u00dcniversitesi\u2019nden pedagojik formasyon sertifikas\u0131 ald\u0131m ve \u0130stanbul Geli\u015fim \u00dcniversitesi\u2019nde Klinik Psikoloji y\u00fcksek&hellip;","_links":{"self":[{"href":"https:\/\/www.psikologhandedurmus.com\/index.php?rest_route=\/wp\/v2\/pages\/2","targetHints":{"allow":["GET"]}}],"collection":[{"href":"https:\/\/www.psikologhandedurmus.com\/index.php?rest_route=\/wp\/v2\/pages"}],"about":[{"href":"https:\/\/www.psikologhandedurmus.com\/index.php?rest_route=\/wp\/v2\/types\/page"}],"author":[{"embeddable":true,"href":"https:\/\/www.psikologhandedurmus.com\/index.php?rest_route=\/wp\/v2\/users\/1"}],"replies":[{"embeddable":true,"href":"https:\/\/www.psikologhandedurmus.com\/index.php?rest_route=%2Fwp%2Fv2%2Fcomments&post=2"}],"version-history":[{"count":4,"href":"https:\/\/www.psikologhandedurmus.com\/index.php?rest_route=\/wp\/v2\/pages\/2\/revisions"}],"predecessor-version":[{"id":74,"href":"https:\/\/www.psikologhandedurmus.com\/index.php?rest_route=\/wp\/v2\/pages\/2\/revisions\/74"}],"wp:attachment":[{"href":"https:\/\/www.psikologhandedurmus.com\/index.php?rest_route=%2Fwp%2Fv2%2Fmedia&parent=2"}],"curies":[{"name":"wp","href":"https:\/\/api.w.org\/{rel}","templated":true}]}}