{"id":77,"date":"2024-12-31T08:34:10","date_gmt":"2024-12-31T08:34:10","guid":{"rendered":"https:\/\/www.psikologhandedurmus.com\/?page_id=77"},"modified":"2025-01-15T11:44:11","modified_gmt":"2025-01-15T11:44:11","slug":"iletisim","status":"publish","type":"page","link":"https:\/\/www.psikologhandedurmus.com\/?page_id=77","title":{"rendered":"\u0130leti\u015fim"},"content":{"rendered":"\n<p>Bana a\u015fa\u011f\u0131daki ileti\u015fim kanallar\u0131ndan ula\u015fabilirsiniz.<\/p>\n\n\n\n<div class=\"wp-block-columns is-layout-flex wp-container-core-columns-is-layout-28f84493 wp-block-columns-is-layout-flex\">\n<div class=\"wp-block-column is-layout-flow wp-block-column-is-layout-flow\">\n<p><strong>Whatsapp: <\/strong><\/p>\n\n\n\n<p>+90 535 013 91 89<\/p>\n\n\n\n<p><br><strong>Adres: <\/strong><\/p>\n\n\n\n<p>Bak\u0131rk\u00f6y Cumhuriyet Meydan\u0131, Bak\u0131rk\u00f6y, \u0130stanbul<\/p>\n\n\n\n<p><br><strong>E-posta: <\/strong><\/p>\n\n\n\n<p>info@psikologhandedurmus.com<\/p>\n<\/div>\n\n\n\n<div class=\"wp-block-column is-layout-flow wp-block-column-is-layout-flow\">\n<iframe src=\"https:\/\/www.google.com\/maps\/embed?pb=!1m18!1m12!1m3!1d710.7458470492996!2d28.873739714057336!3d40.98069392813236!2m3!1f0!2f0!3f0!3m2!1i1024!2i768!4f13.1!3m3!1m2!1s0x14cabd8ae3016eed%3A0x7ef9ffe0dcd1163b!2sBakirkoy%20Republic%20Square!5e0!3m2!1sen!2str!4v1735633877364!5m2!1sen!2str\" width=\"600\" height=\"450\" style=\"border:0;\" allowfullscreen=\"\" loading=\"lazy\" referrerpolicy=\"no-referrer-when-downgrade\"><\/iframe>\n<\/div>\n<\/div>\n\n\n\n<p><\/p>\n","protected":false},"excerpt":{"rendered":"<p>Bana a\u015fa\u011f\u0131daki ileti\u015fim kanallar\u0131ndan ula\u015fabilirsiniz. Whatsapp: +90 535 013 91 89 Adres: Bak\u0131rk\u00f6y Cumhuriyet Meydan\u0131, Bak\u0131rk\u00f6y, \u0130stanbul E-posta: info@psikologhandedurmus.com<\/p>\n","protected":false},"author":1,"featured_media":0,"parent":0,"menu_order":0,"comment_status":"closed","ping_status":"closed","template":"","meta":{"_regular_price":[],"currency_symbol":[],"_uag_custom_page_level_css":"","site-sidebar-layout":"default","site-content-layout":"","ast-site-content-layout":"","site-content-style":"default","site-sidebar-style":"default","ast-global-header-display":"","ast-banner-title-visibility":"","ast-main-header-display":"","ast-hfb-above-header-display":"","ast-hfb-below-header-display":"","ast-hfb-mobile-header-display":"","site-post-title":"","ast-breadcrumbs-content":"","ast-featured-img":"","footer-sml-layout":"","theme-transparent-header-meta":"","adv-header-id-meta":"","stick-header-meta":"","header-above-stick-meta":"","header-main-stick-meta":"","header-below-stick-meta":"","astra-migrate-meta-layouts":"default","ast-page-background-enabled":"default","ast-page-background-meta":{"desktop":{"background-color":"var(--ast-global-color-4)","background-image":"","background-repeat":"repeat","background-position":"center center","background-size":"auto","background-attachment":"scroll","background-type":"","background-media":"","overlay-type":"","overlay-color":"","overlay-opacity":"","overlay-gradient":""},"tablet":{"background-color":"","background-image":"","background-repeat":"repeat","background-position":"center center","background-size":"auto","background-attachment":"scroll","background-type":"","background-media":"","overlay-type":"","overlay-color":"","overlay-opacity":"","overlay-gradient":""},"mobile":{"background-color":"","background-image":"","background-repeat":"repeat","background-position":"center center","background-size":"auto","background-attachment":"scroll","background-type":"","background-media":"","overlay-type":"","overlay-color":"","overlay-opacity":"","overlay-gradient":""}},"ast-content-background-meta":{"desktop":{"background-color":"var(--ast-global-color-5)","background-image":"","background-repeat":"repeat","background-position":"center center","background-size":"auto","background-attachment":"scroll","background-type":"","background-media":"","overlay-type":"","overlay-color":"","overlay-opacity":"","overlay-gradient":""},"tablet":{"background-color":"var(--ast-global-color-5)","background-image":"","background-repeat":"repeat","background-position":"center center","background-size":"auto","background-attachment":"scroll","background-type":"","background-media":"","overlay-type":"","overlay-color":"","overlay-opacity":"","overlay-gradient":""},"mobile":{"background-color":"var(--ast-global-color-5)","background-image":"","background-repeat":"repeat","background-position":"center center","background-size":"auto","background-attachment":"scroll","background-type":"","background-media":"","overlay-type":"","overlay-color":"","overlay-opacity":"","overlay-gradient":""}},"footnotes":""},"class_list":["post-77","page","type-page","status-publish","hentry"],"post_slider_layout_featured_media_urls":{"thumbnail":"","post_slider_layout_landscape_large":"","post_slider_layout_portrait_large":"","post_slider_layout_square_large":"","post_slider_layout_landscape":"","post_slider_layout_portrait":"","post_slider_layout_square":"","full":""},"uagb_featured_image_src":{"full":false,"thumbnail":false,"medium":false,"medium_large":false,"large":false,"1536x1536":false,"2048x2048":false,"post_slider_layout_landscape_large":false,"post_slider_layout_portrait_large":false,"post_slider_layout_square_large":false,"post_slider_layout_landscape":false,"post_slider_layout_portrait":false,"post_slider_layout_square":false},"uagb_author_info":{"display_name":"admin","author_link":"https:\/\/www.psikologhandedurmus.com\/?author=1"},"uagb_comment_info":0,"uagb_excerpt":"Bana a\u015fa\u011f\u0131daki ileti\u015fim kanallar\u0131ndan ula\u015fabilirsiniz. Whatsapp: +90 535 013 91 89 Adres: Bak\u0131rk\u00f6y Cumhuriyet Meydan\u0131, Bak\u0131rk\u00f6y, \u0130stanbul E-posta: info@psikologhandedurmus.com","_links":{"self":[{"href":"https:\/\/www.psikologhandedurmus.com\/index.php?rest_route=\/wp\/v2\/pages\/77","targetHints":{"allow":["GET"]}}],"collection":[{"href":"https:\/\/www.psikologhandedurmus.com\/index.php?rest_route=\/wp\/v2\/pages"}],"about":[{"href":"https:\/\/www.psikologhandedurmus.com\/index.php?rest_route=\/wp\/v2\/types\/page"}],"author":[{"embeddable":true,"href":"https:\/\/www.psikologhandedurmus.com\/index.php?rest_route=\/wp\/v2\/users\/1"}],"replies":[{"embeddable":true,"href":"https:\/\/www.psikologhandedurmus.com\/index.php?rest_route=%2Fwp%2Fv2%2Fcomments&post=77"}],"version-history":[{"count":3,"href":"https:\/\/www.psikologhandedurmus.com\/index.php?rest_route=\/wp\/v2\/pages\/77\/revisions"}],"predecessor-version":[{"id":94,"href":"https:\/\/www.psikologhandedurmus.com\/index.php?rest_route=\/wp\/v2\/pages\/77\/revisions\/94"}],"wp:attachment":[{"href":"https:\/\/www.psikologhandedurmus.com\/index.php?rest_route=%2Fwp%2Fv2%2Fmedia&parent=77"}],"curies":[{"name":"wp","href":"https:\/\/api.w.org\/{rel}","templated":true}]}}