{"id":80,"date":"2024-12-31T09:38:49","date_gmt":"2024-12-31T09:38:49","guid":{"rendered":"https:\/\/www.psikologhandedurmus.com\/?page_id=80"},"modified":"2025-01-02T11:37:43","modified_gmt":"2025-01-02T11:37:43","slug":"calisma-alanlarim","status":"publish","type":"page","link":"https:\/\/www.psikologhandedurmus.com\/?page_id=80","title":{"rendered":"\u00c7al\u0131\u015fma Alanlar\u0131m"},"content":{"rendered":"\n<div class=\"wp-block-columns is-layout-flex wp-container-core-columns-is-layout-28f84493 wp-block-columns-is-layout-flex\">\n<div class=\"wp-block-column is-layout-flow wp-block-column-is-layout-flow\">\n<figure class=\"wp-block-image size-full\"><img loading=\"lazy\" decoding=\"async\" width=\"1024\" height=\"1024\" src=\"https:\/\/www.psikologhandedurmus.com\/wp-content\/uploads\/2024\/12\/DALL\u00b7E-2024-12-31-12.29.24-A-cute-and-kind-female-psychologist-emoji-resembling-a-woman-with-dark-brown-hair-styled-naturally-sitting-in-a-therapy-chair-wearing-a-green-floral.webp\" alt=\"\" class=\"wp-image-82\" srcset=\"https:\/\/www.psikologhandedurmus.com\/wp-content\/uploads\/2024\/12\/DALL\u00b7E-2024-12-31-12.29.24-A-cute-and-kind-female-psychologist-emoji-resembling-a-woman-with-dark-brown-hair-styled-naturally-sitting-in-a-therapy-chair-wearing-a-green-floral.webp 1024w, https:\/\/www.psikologhandedurmus.com\/wp-content\/uploads\/2024\/12\/DALL\u00b7E-2024-12-31-12.29.24-A-cute-and-kind-female-psychologist-emoji-resembling-a-woman-with-dark-brown-hair-styled-naturally-sitting-in-a-therapy-chair-wearing-a-green-floral-300x300.webp 300w, https:\/\/www.psikologhandedurmus.com\/wp-content\/uploads\/2024\/12\/DALL\u00b7E-2024-12-31-12.29.24-A-cute-and-kind-female-psychologist-emoji-resembling-a-woman-with-dark-brown-hair-styled-naturally-sitting-in-a-therapy-chair-wearing-a-green-floral-150x150.webp 150w, https:\/\/www.psikologhandedurmus.com\/wp-content\/uploads\/2024\/12\/DALL\u00b7E-2024-12-31-12.29.24-A-cute-and-kind-female-psychologist-emoji-resembling-a-woman-with-dark-brown-hair-styled-naturally-sitting-in-a-therapy-chair-wearing-a-green-floral-768x768.webp 768w, https:\/\/www.psikologhandedurmus.com\/wp-content\/uploads\/2024\/12\/DALL\u00b7E-2024-12-31-12.29.24-A-cute-and-kind-female-psychologist-emoji-resembling-a-woman-with-dark-brown-hair-styled-naturally-sitting-in-a-therapy-chair-wearing-a-green-floral-600x600.webp 600w\" sizes=\"auto, (max-width: 1024px) 100vw, 1024px\" \/><\/figure>\n<\/div>\n\n\n\n<div class=\"wp-block-column is-layout-flow wp-block-column-is-layout-flow\">\n<div class=\"wp-block-group is-layout-constrained wp-block-group-is-layout-constrained\">\n<div class=\"wp-block-group is-layout-constrained wp-block-group-is-layout-constrained\">\n<div class=\"wp-block-group is-layout-constrained wp-block-group-is-layout-constrained\">\n<h4 class=\"wp-block-heading\" style=\"margin-top:0;margin-right:0;margin-bottom:0;margin-left:0\"><strong>1. Duygusal ve Psikolojik Sa\u011fl\u0131k<\/strong><\/h4>\n\n\n\n<ul class=\"wp-block-list\">\n<li style=\"margin-top:0;margin-bottom:0\">Depresyon<\/li>\n\n\n\n<li>Yayg\u0131n Anksiyete Bozuklu\u011fu<\/li>\n\n\n\n<li>Panik Atak<\/li>\n\n\n\n<li>Stresle Ba\u015f Etme<\/li>\n\n\n\n<li>Kay\u0131p\/Yas S\u00fcre\u00e7leri<\/li>\n\n\n\n<li>Somatizasyon Bozuklu\u011fu<\/li>\n<\/ul>\n<\/div>\n\n\n\n<h4 class=\"wp-block-heading\"><strong>2. \u0130li\u015fkiler ve \u0130leti\u015fim<\/strong><\/h4>\n\n\n\n<ul class=\"wp-block-list\">\n<li>Aile \u0130\u00e7i \u0130leti\u015fim Sorunlar\u0131<\/li>\n\n\n\n<li>Ba\u011flanma Problemleri<\/li>\n\n\n\n<li>Davran\u0131\u015f Bozukluklar\u0131<\/li>\n\n\n\n<li>Ki\u015filik Bozukluklar\u0131<\/li>\n<\/ul>\n\n\n\n<h4 class=\"wp-block-heading\"><strong>3. Yeme Bozukluklar\u0131<\/strong><\/h4>\n\n\n\n<ul class=\"wp-block-list\">\n<li>Anoreksiya Nervoza<\/li>\n\n\n\n<li>Bulimiya Nervoza<\/li>\n\n\n\n<li>T\u0131k\u0131n\u0131rcas\u0131na Yeme Bozuklu\u011fu<\/li>\n\n\n\n<li>Ortoreksiya (Sa\u011fl\u0131kl\u0131 yeme tak\u0131nt\u0131s\u0131)<\/li>\n\n\n\n<li>Pika (Besin de\u011feri olmayan maddelerin t\u00fcketilmesi)<\/li>\n\n\n\n<li>Gece Yeme Sendromu<\/li>\n<\/ul>\n<\/div>\n<\/div>\n<\/div>\n<\/div>\n","protected":false},"excerpt":{"rendered":"<p>1. Duygusal ve Psikolojik Sa\u011fl\u0131k 2. \u0130li\u015fkiler ve \u0130leti\u015fim 3. Yeme Bozukluklar\u0131<\/p>\n","protected":false},"author":1,"featured_media":0,"parent":0,"menu_order":0,"comment_status":"closed","ping_status":"closed","template":"","meta":{"_regular_price":[],"currency_symbol":[],"_uag_custom_page_level_css":"","site-sidebar-layout":"default","site-content-layout":"","ast-site-content-layout":"","site-content-style":"default","site-sidebar-style":"default","ast-global-header-display":"","ast-banner-title-visibility":"","ast-main-header-display":"","ast-hfb-above-header-display":"","ast-hfb-below-header-display":"","ast-hfb-mobile-header-display":"","site-post-title":"disabled","ast-breadcrumbs-content":"","ast-featured-img":"","footer-sml-layout":"","theme-transparent-header-meta":"","adv-header-id-meta":"","stick-header-meta":"","header-above-stick-meta":"","header-main-stick-meta":"","header-below-stick-meta":"","astra-migrate-meta-layouts":"default","ast-page-background-enabled":"default","ast-page-background-meta":{"desktop":{"background-color":"var(--ast-global-color-4)","background-image":"","background-repeat":"repeat","background-position":"center center","background-size":"auto","background-attachment":"scroll","background-type":"","background-media":"","overlay-type":"","overlay-color":"","overlay-opacity":"","overlay-gradient":""},"tablet":{"background-color":"","background-image":"","background-repeat":"repeat","background-position":"center center","background-size":"auto","background-attachment":"scroll","background-type":"","background-media":"","overlay-type":"","overlay-color":"","overlay-opacity":"","overlay-gradient":""},"mobile":{"background-color":"","background-image":"","background-repeat":"repeat","background-position":"center center","background-size":"auto","background-attachment":"scroll","background-type":"","background-media":"","overlay-type":"","overlay-color":"","overlay-opacity":"","overlay-gradient":""}},"ast-content-background-meta":{"desktop":{"background-color":"var(--ast-global-color-5)","background-image":"","background-repeat":"repeat","background-position":"center center","background-size":"auto","background-attachment":"scroll","background-type":"","background-media":"","overlay-type":"","overlay-color":"","overlay-opacity":"","overlay-gradient":""},"tablet":{"background-color":"var(--ast-global-color-5)","background-image":"","background-repeat":"repeat","background-position":"center center","background-size":"auto","background-attachment":"scroll","background-type":"","background-media":"","overlay-type":"","overlay-color":"","overlay-opacity":"","overlay-gradient":""},"mobile":{"background-color":"var(--ast-global-color-5)","background-image":"","background-repeat":"repeat","background-position":"center center","background-size":"auto","background-attachment":"scroll","background-type":"","background-media":"","overlay-type":"","overlay-color":"","overlay-opacity":"","overlay-gradient":""}},"footnotes":""},"class_list":["post-80","page","type-page","status-publish","hentry"],"post_slider_layout_featured_media_urls":{"thumbnail":"","post_slider_layout_landscape_large":"","post_slider_layout_portrait_large":"","post_slider_layout_square_large":"","post_slider_layout_landscape":"","post_slider_layout_portrait":"","post_slider_layout_square":"","full":""},"uagb_featured_image_src":{"full":false,"thumbnail":false,"medium":false,"medium_large":false,"large":false,"1536x1536":false,"2048x2048":false,"post_slider_layout_landscape_large":false,"post_slider_layout_portrait_large":false,"post_slider_layout_square_large":false,"post_slider_layout_landscape":false,"post_slider_layout_portrait":false,"post_slider_layout_square":false},"uagb_author_info":{"display_name":"admin","author_link":"https:\/\/www.psikologhandedurmus.com\/?author=1"},"uagb_comment_info":0,"uagb_excerpt":"1. Duygusal ve Psikolojik Sa\u011fl\u0131k 2. \u0130li\u015fkiler ve \u0130leti\u015fim 3. Yeme Bozukluklar\u0131","_links":{"self":[{"href":"https:\/\/www.psikologhandedurmus.com\/index.php?rest_route=\/wp\/v2\/pages\/80","targetHints":{"allow":["GET"]}}],"collection":[{"href":"https:\/\/www.psikologhandedurmus.com\/index.php?rest_route=\/wp\/v2\/pages"}],"about":[{"href":"https:\/\/www.psikologhandedurmus.com\/index.php?rest_route=\/wp\/v2\/types\/page"}],"author":[{"embeddable":true,"href":"https:\/\/www.psikologhandedurmus.com\/index.php?rest_route=\/wp\/v2\/users\/1"}],"replies":[{"embeddable":true,"href":"https:\/\/www.psikologhandedurmus.com\/index.php?rest_route=%2Fwp%2Fv2%2Fcomments&post=80"}],"version-history":[{"count":2,"href":"https:\/\/www.psikologhandedurmus.com\/index.php?rest_route=\/wp\/v2\/pages\/80\/revisions"}],"predecessor-version":[{"id":90,"href":"https:\/\/www.psikologhandedurmus.com\/index.php?rest_route=\/wp\/v2\/pages\/80\/revisions\/90"}],"wp:attachment":[{"href":"https:\/\/www.psikologhandedurmus.com\/index.php?rest_route=%2Fwp%2Fv2%2Fmedia&parent=80"}],"curies":[{"name":"wp","href":"https:\/\/api.w.org\/{rel}","templated":true}]}}